{"id":12199,"date":"2023-09-08T11:37:49","date_gmt":"2023-09-08T09:37:49","guid":{"rendered":"https:\/\/www.cinam.univ-mrs.fr\/cinam\/?page_id=12199"},"modified":"2025-02-07T11:37:47","modified_gmt":"2025-02-07T10:37:47","slug":"groupe-de-travail-spectroscopies","status":"publish","type":"page","link":"https:\/\/www.cinam.univ-mrs.fr\/cinam\/groupe-de-travail-spectroscopies\/","title":{"rendered":"Groupe de travail spectroscopies"},"content":{"rendered":"<p><strong>Coordinateur:\u00a0 Philippe parent<\/strong><\/p>\n<p><strong>Historique du groupe de travail spectroscopies :<\/strong><\/p>\n<p>Le groupe de travail spectroscopie a \u00e9t\u00e9 cr\u00e9\u00e9 en 2018 \u00e0 partir de l\u2019analyse des forces et faiblesses du CINaM effectu\u00e9e lors de la pr\u00e9paration du contrat 2018-2022. Cette analyse a montr\u00e9 que si le CINaM a des comp\u00e9tences importantes en croissance, \u00e9laboration et caract\u00e9risation des mat\u00e9riaux, un pas doit \u00eatre imp\u00e9rativement franchi afin de pourvoir le laboratoire d\u2019un \u00e9quipement permettant d\u2019acc\u00e9der et \u00e9tudier au meilleur niveau les propri\u00e9t\u00e9s physiques et physico-chimiques des mat\u00e9riaux.<\/p>\n<p>Un examen plus pr\u00e9cis effectu\u00e9 lors de plusieurs r\u00e9unions de travail a permis de d\u00e9finir ces besoins. Ils se d\u00e9clinent essentiellement en termes d\u2019\u00e9tudes d\u2019\u00e9nergies de liaison, de structure \u00e9lectronique et de microspectroscopies afin d\u2019\u00e9tudier des nouveaux mat\u00e9riaux quantiques (dont l\u2019\u00e9tude requiert la prise en compte d\u2019effets quantiques collectifs) et des mat\u00e9riaux h\u00e9t\u00e9rog\u00e8nes (nanostructur\u00e9s, fonctionnalis\u00e9s, architectur\u00e9s\u2026). En effet si l\u2019\u00e9tude des propri\u00e9t\u00e9s des nouveaux mat\u00e9riaux quantiques n\u00e9cessite une connaissance fine de leur structure \u00e9lectronique (r\u00e9solue angulairement et en spin), l\u2019\u00e9tude des mat\u00e9riaux complexes, par nature h\u00e9t\u00e9rog\u00e8nes, n\u00e9cessite en outre l\u2019acc\u00e8s aux propri\u00e9t\u00e9s \u00e9lectroniques et chimiques locales.<\/p>\n<p><strong>Le projet PRISM\u00a0: une plateforme mutualis\u00e9e de spectroscopie et spectromicroscopie:<\/strong><\/p>\n<p>Le projet PRISM est un projet d\u2019\u00e9quipement combinant photo\u00e9mission r\u00e9solue angulairement (ARPES) et spectromicroscopies \u00e9lectronique au meilleur niveau international.<\/p>\n<p>Les \u00e9quipements seront connect\u00e9s via un tube Ultra-Haut-Vide (UHV) permettant de transf\u00e9rer les \u00e9chantillons d\u2019une exp\u00e9rience \u00e0 l\u2019autre dans des conditions optimales. Une chambre de pr\u00e9paration de type \u00e9pitaxie par jets mol\u00e9culaires (EJM\/MBE) sera \u00e9galement connect\u00e9e afin de pr\u00e9parer in-situ les mat\u00e9riaux \u00e0 \u00e9tudier (voir figure) D\u2019autres \u00e9quipements pourront ult\u00e9rieurement \u00eatre connect\u00e9s \u00e0 l\u2019ensemble (b\u00e2ti \u00e9volutif).<\/p>\n<p>La plateforme sera install\u00e9e dans le b\u00e2timent technique du CINaM qui abritait l\u2019ancien atelier de m\u00e9canique (qui devra \u00eatre red\u00e9fini et install\u00e9 ailleurs).<\/p>\n<p><img decoding=\"async\" src=\"https:\/\/www.cinam.univ-mrs.fr\/cinam\/wp-content\/uploads\/2023\/09\/prism.jpeg.jpg\" alt=\"Projet PRISM combinant tube UHV, Chambre de pr\u00e9paration (MBE), b\u00e2ti de spectroscopie (XPS\/ARPES\/ARUPS) et spectromicroscopie (SEM\/SAM). \" \/><br \/>\n<em>Projet PRISM combinant tube UHV, Chambre de pr\u00e9paration (MBE), b\u00e2ti de spectroscopie (XPS\/ARPES\/ARUPS) et spectromicroscopie (SEM\/SAM)<\/em>.<\/p>\n<p><strong>Suivi et \u00e9volution du projet<\/strong> :<\/p>\n<p>La plupart des financements sont d\u00e9sormais acquis dans le cadre du CPER (R\u00e9gion Sud : 1500 k\u20ac, CNRS : 600 k\u20ac, AMIDEX : 500 k\u20ac, Ville de Marseille : 450 k\u20ac, DRARI : 360 k\u20ac, AMU : 200 k\u20ac, CINaM : 200 k\u20ac, M\u00e9tropole : 150 k\u20ac). Un financement compl\u00e9mentaire (950 k\u20ac) a \u00e9t\u00e9 demand\u00e9 au FEDER.<\/p>\n<p>Le d\u00e9m\u00e9nagement de l\u2019atelier de m\u00e9canique est en cours. Il est pilot\u00e9 par le service infrastructure du CINaM.<\/p>\n<p>L\u2019analyse technique (choix techniques sur les \u00e9quipements scientifiques, contraintes li\u00e9es \u00e0 l\u2019implantation des \u00e9quipements) a \u00e9t\u00e9 effectu\u00e9e au troisi\u00e8me trimestre 2023.Les travaux de r\u00e9habilitation du b\u00e2timent technique devraient d\u00e9marrer d\u2019ici la fin de l\u2019ann\u00e9e 2023.<\/p>\n<p>Le montage puis le suivi du projet sont effectu\u00e9s en lien \u00e9troit avec les services de la d\u00e9l\u00e9gation CNRS Provence et Corse et en particulier le Service Partenariat et Valorisation (SPV) pour les relations avec les financeurs, le Service Technique et Logistique (STL) pour la r\u00e9habilitation du b\u00e2timent devant accueillir la plateforme PRISM, et le Service Finances Achat et Comptabilit\u00e9 (SFAC) pour la r\u00e9daction et le suivi des appels d\u2019offre.<\/p>\n","protected":false},"excerpt":{"rendered":"<p>Coordinateur:\u00a0 Philippe parent Historique du groupe de travail spectroscopies : Le groupe de travail spectroscopie a \u00e9t\u00e9 cr\u00e9\u00e9 en 2018 \u00e0 partir de l\u2019analyse des forces et faiblesses du CINaM effectu\u00e9e lors de la pr\u00e9paration du contrat 2018-2022. Cette analyse a montr\u00e9 que si le CINaM a des comp\u00e9tences importantes en croissance, \u00e9laboration et caract\u00e9risation <\/p>\n","protected":false},"author":1,"featured_media":0,"parent":0,"menu_order":0,"comment_status":"closed","ping_status":"closed","template":"","meta":[],"aioseo_notices":[],"_links":{"self":[{"href":"https:\/\/www.cinam.univ-mrs.fr\/cinam\/wp-json\/wp\/v2\/pages\/12199"}],"collection":[{"href":"https:\/\/www.cinam.univ-mrs.fr\/cinam\/wp-json\/wp\/v2\/pages"}],"about":[{"href":"https:\/\/www.cinam.univ-mrs.fr\/cinam\/wp-json\/wp\/v2\/types\/page"}],"author":[{"embeddable":true,"href":"https:\/\/www.cinam.univ-mrs.fr\/cinam\/wp-json\/wp\/v2\/users\/1"}],"replies":[{"embeddable":true,"href":"https:\/\/www.cinam.univ-mrs.fr\/cinam\/wp-json\/wp\/v2\/comments?post=12199"}],"version-history":[{"count":7,"href":"https:\/\/www.cinam.univ-mrs.fr\/cinam\/wp-json\/wp\/v2\/pages\/12199\/revisions"}],"predecessor-version":[{"id":13788,"href":"https:\/\/www.cinam.univ-mrs.fr\/cinam\/wp-json\/wp\/v2\/pages\/12199\/revisions\/13788"}],"wp:attachment":[{"href":"https:\/\/www.cinam.univ-mrs.fr\/cinam\/wp-json\/wp\/v2\/media?parent=12199"}],"curies":[{"name":"wp","href":"https:\/\/api.w.org\/{rel}","templated":true}]}}