{"id":12231,"date":"2023-09-08T12:54:05","date_gmt":"2023-09-08T10:54:05","guid":{"rendered":"https:\/\/www.cinam.univ-mrs.fr\/cinam\/?page_id=12231"},"modified":"2026-02-13T09:44:20","modified_gmt":"2026-02-13T08:44:20","slug":"materiaux-quantiques","status":"publish","type":"page","link":"https:\/\/www.cinam.univ-mrs.fr\/cinam\/materiaux-quantiques\/","title":{"rendered":"Mat\u00e9riaux Quantiques"},"content":{"rendered":"<p><strong> Coordinateur : Aur\u00e9lien Manchon<\/strong><\/p>\n<p>Les mat\u00e9riaux quantiques sont des syst\u00e8mes dans lesquels les \u00e9lectrons se comportent de mani\u00e8re exotique, par exemple comme des particules relativistes telles que les fermions de Dirac ou de Weyl, ou en pr\u00e9sentant des ordres collectifs originaux (magn\u00e9tisme noncollin\u00e9aire, ferro\u00e9lectricit\u00e9, supraconductivit\u00e9, ondes de densit\u00e9 de charge et de spin, coexistence de plusieurs ordres etc.).<\/p>\n<p>Le groupe th\u00e9matique <strong>\u00ab\u00a0Mat\u00e9riaux quantiques\u00a0\u00bb<\/strong> r\u00e9unit des exp\u00e9rimentateurs et des th\u00e9oriciens int\u00e9ress\u00e9s par la compr\u00e9hension de ces mat\u00e9riaux, leur mod\u00e9lisation, leur croissance et leur caract\u00e9risation. La recherche dans ce domaine en pleine expansion couvre de nombreux aspects de la physique de la mati\u00e8re condens\u00e9e et des interfaces, et offrent des perspectives d\u2019applications enthousiasmantes en \u00e9lectronique avanc\u00e9e.<\/p>\n<p>&nbsp;<\/p>\n<p>Une br\u00e8ve pr\u00e9sentation sur les mat\u00e9riaux quantiques, donn\u00e9e lors de la Journ\u00e9e du Laboratoire en juin 2023, est disponible ici\u00a0: <a href=\"https:\/\/amubox.univ-amu.fr\/s\/iRK4B2AntBmFGCf\"><strong>https:\/\/amubox.univ-amu.fr\/s\/iRK4B2AntBmFGCf<\/strong><\/a><\/p>\n<p>&nbsp;<\/p>\n<p><strong>Cours de l\u2019Ecole Doctorale\u00a0: Quantum Magnetism and Spintronics<\/strong><\/p>\n<p><em>Cours enseign\u00e9 entre f\u00e9vrier et juin 2023<\/em><\/p>\n<p>Ces derni\u00e8res ann\u00e9es, la recherche sur le magn\u00e9tisme quantique et le transport de spin \u00e0 Aix-Marseille universit\u00e9 a connu un d\u00e9veloppement cons\u00e9quent, r\u00e9cemment acc\u00e9l\u00e9r\u00e9 par la s\u00e9lection du PEPR SPIN auquel le CINaM et l\u2019IM2NP participent activement.<\/p>\n<p>Dans ce contexte en pleine expansion, ce cours poursuit trois objectifs\u00a0: (i) introduire les \u00e9tudiants et chercheurs non sp\u00e9cialistes aux notions fondamentales du magn\u00e9tisme quantique et de l\u2019\u00e9lectronique de spin\u00a0; (ii)\u00a0en se confrontant aux r\u00e9sultats les r\u00e9cents, d\u00e9velopper une approche critique \u00e9clair\u00e9e sur les grandes questions de ce domaine; (iii) pr\u00e9senter les activit\u00e9s men\u00e9es sur les sites du CINaM et de l\u2019IM2NP et susciter des vocations parmi les \u00e9tudiants.<\/p>\n<p><strong>Lecture 1\u00a0:<\/strong> Spin nowadays\u00a0: what\u2019s at stake\u00a0?\u00a0<em>Aur\u00e9lien<\/em><em> Manchon, CINaM<\/em><\/p>\n<p><strong>Lecture 2\u00a0:<\/strong>\u00a0Origin of the magnetic moment\u00a0<em>Andr\u00e8s Saul, CINaM<\/em><\/p>\n<p><strong>Lecture 3 :\u00a0<\/strong>2D Magnetism\u00a0<em>Andr\u00e8s Saul, CINaM<\/em><\/p>\n<p><strong>Lecture 4\u00a0:\u00a0<\/strong>Magnetic domains and textures\u00a0<em>Aur\u00e9lien Manchon, CINaM<\/em><\/p>\n<p><strong>Lecture 5\u00a0:<\/strong>\u00a0Magnetic materials under scrutiny\u00a0<em>Lisa Michez, CINaM<\/em><\/p>\n<p><strong>Lecture 6\u00a0:<\/strong>\u00a0Spin qubit and paramagnetic resonance<em>\u00a0Sylvain Bertaina, IM2NP<\/em><\/p>\n<p><strong>Lecture 7 : <\/strong>Magnetic interactions from first principles\u00a0<em>Andr\u00e8s Saul, CINaM<\/em><\/p>\n<p><strong>Lecture 8\u00a0:<\/strong>\u00a0Spin transport in metals\u00a0<em>Aur\u00e9lien Manchon, CINaM<\/em><\/p>\n<p><strong>Lecture 9 : <\/strong>Spin transfer torque and dynamics\u00a0<em>Aur\u00e9lien Manchon, CINaM<\/em><\/p>\n<p><strong>Lecture 10 : <\/strong>Spin-charge\u00a0interconversion\u00a0<em>Aur\u00e9lien Manchon, CINaM<\/em><\/p>\n<p><strong>Lecture 11 : <\/strong>Antiferromagnetic spintronics\u00a0<em>Lisa Michez, CINaM<\/em><\/p>\n<p><em>Certains cours ont eu lieu sur tableau blanc et d\u2019autres sur support Powerpoint. Les transparents sont disponibles ici\u00a0: <\/em><a href=\"https:\/\/amubox.univ-amu.fr\/s\/LMsgXeT2SiZ5dRB\">https:\/\/amubox.univ-amu.fr\/s\/LMsgXeT2SiZ5dRB<\/a><\/p>\n<p><strong>Th\u00e8ses de doctorat soutenu au CINaM sur les mat\u00e9riaux quantiques<\/strong><\/p>\n<p><strong>19\/10\/23\u00a0: Ismaela Kounta<\/strong>, <em>Croissance \u00e9pitaxiale et \u00e9tude des propri\u00e9t\u00e9s structurales et magn\u00e9tiques du compos\u00e9 antiferromagn\u00e9tique Mn5Si3, <\/em>(dir\u00a0: L. Michez, co-dir\u00a0: M. Petit)<\/p>\n<p><strong>23\/10\/23 : Diego Ovalle,<\/strong> <em>Nonlinear Transport in Topological Materials and Heterostructures<\/em>, (dir. A. Manchon)<\/p>\n<p><strong>25\/10\/23\u00a0: Julien L\u00e9v\u00eaque<\/strong>, \u00c9tude th\u00e9orique des propri\u00e9t\u00e9s magn\u00e9tiques de mat\u00e9riaux fortement corr\u00e9l\u00e9s et potentiellement multiferro\u00efques (dir\u00a0: A. Saul, M.-B Lepetit)<\/p>\n<p><strong>27\/10\/2023\u00a0: Pierre Lechifflart<\/strong>, Couplage exciton-phonon et luminescence assist\u00e9e par phonons\u00a0dans des nanostructures de nitrure de bore hexagonal (dir\u00a0: C. Attaccalite)<\/p>\n<p><strong>27\/02\/24\u00a0: Ilan Boulet<\/strong>, Propri\u00e9t\u00e9s physiques des h\u00e9t\u00e9rostructures hybrides Quinones Zwitterioniques \/ Mat\u00e9riaux bidimensionnels (dir\u00a0: C. Attaccalite\u00a0; co-dir\u00a0: R. Parret)<\/p>\n<p><strong>11\/03\/24\u00a0: Alexandre Llopez<\/strong>, <em>Chalcog\u00e9nures \u00e0 brisure de sym\u00e9trie d\u2019inversion : croissance \u00e9pitaxiale et propri\u00e9t\u00e9s \u00e9lectroniques <\/em>(dir : F. Leroy ; co-dir : F. Cheynis)<\/p>\n<p>&nbsp;<\/p>\n<p>&nbsp;<\/p>\n<p>&nbsp;<\/p>\n<p><strong>\u00a0<\/strong><\/p>\n","protected":false},"excerpt":{"rendered":"<p>Coordinateur : Aur\u00e9lien Manchon Les mat\u00e9riaux quantiques sont des syst\u00e8mes dans lesquels les \u00e9lectrons se comportent de mani\u00e8re exotique, par exemple comme des particules relativistes telles que les fermions de Dirac ou de Weyl, ou en pr\u00e9sentant des ordres collectifs originaux (magn\u00e9tisme noncollin\u00e9aire, ferro\u00e9lectricit\u00e9, supraconductivit\u00e9, ondes de densit\u00e9 de charge et de spin, coexistence de <\/p>\n","protected":false},"author":1,"featured_media":14409,"parent":0,"menu_order":0,"comment_status":"closed","ping_status":"closed","template":"","meta":[],"aioseo_notices":[],"_links":{"self":[{"href":"https:\/\/www.cinam.univ-mrs.fr\/cinam\/wp-json\/wp\/v2\/pages\/12231"}],"collection":[{"href":"https:\/\/www.cinam.univ-mrs.fr\/cinam\/wp-json\/wp\/v2\/pages"}],"about":[{"href":"https:\/\/www.cinam.univ-mrs.fr\/cinam\/wp-json\/wp\/v2\/types\/page"}],"author":[{"embeddable":true,"href":"https:\/\/www.cinam.univ-mrs.fr\/cinam\/wp-json\/wp\/v2\/users\/1"}],"replies":[{"embeddable":true,"href":"https:\/\/www.cinam.univ-mrs.fr\/cinam\/wp-json\/wp\/v2\/comments?post=12231"}],"version-history":[{"count":7,"href":"https:\/\/www.cinam.univ-mrs.fr\/cinam\/wp-json\/wp\/v2\/pages\/12231\/revisions"}],"predecessor-version":[{"id":13785,"href":"https:\/\/www.cinam.univ-mrs.fr\/cinam\/wp-json\/wp\/v2\/pages\/12231\/revisions\/13785"}],"wp:featuredmedia":[{"embeddable":true,"href":"https:\/\/www.cinam.univ-mrs.fr\/cinam\/wp-json\/wp\/v2\/media\/14409"}],"wp:attachment":[{"href":"https:\/\/www.cinam.univ-mrs.fr\/cinam\/wp-json\/wp\/v2\/media?parent=12231"}],"curies":[{"name":"wp","href":"https:\/\/api.w.org\/{rel}","templated":true}]}}