{"id":13007,"date":"2024-04-17T20:03:08","date_gmt":"2024-04-17T18:03:08","guid":{"rendered":"https:\/\/www.cinam.univ-mrs.fr\/cinam\/?page_id=13007"},"modified":"2025-02-18T09:44:00","modified_gmt":"2025-02-18T08:44:00","slug":"nanomedecine","status":"publish","type":"page","link":"https:\/\/www.cinam.univ-mrs.fr\/cinam\/nanomedecine\/","title":{"rendered":"Nanom\u00e9decine"},"content":{"rendered":"<p>Coordinatrice : <strong>Palma Rocchi<\/strong><\/p>\n<p>Le groupe de travail \u00ab\u00a0<strong>Nanom\u00e9decine<\/strong>\u00a0\u00bb a pour ambition de coordonner des activit\u00e9s scientifiques au CINaM autour de la nanom\u00e9decine et, de mani\u00e8re plus g\u00e9n\u00e9rale, des liens entre les activit\u00e9s de physico-chimie et science des mat\u00e9riaux avec la m\u00e9decine.<\/p>\n<p><strong> Premi\u00e8re r\u00e9union :\u00a0 18 d\u00e9cembre 2024 en salle Raymond Kern<\/strong><\/p>\n<p><a href=\"https:\/\/www.cinam.univ-mrs.fr\/cinam\/wp-content\/uploads\/2025\/02\/programme_nanomedecine.pdf\">programme_nanom\u00e9decine<\/a><\/p>\n<p><img decoding=\"async\" loading=\"lazy\" class=\"alignnone size-medium wp-image-13790\" src=\"https:\/\/www.cinam.univ-mrs.fr\/cinam\/wp-content\/uploads\/2025\/02\/NanoMed_image-300x169.jpg\" alt=\"\" width=\"300\" height=\"169\" srcset=\"https:\/\/www.cinam.univ-mrs.fr\/cinam\/wp-content\/uploads\/2025\/02\/NanoMed_image-300x169.jpg 300w, https:\/\/www.cinam.univ-mrs.fr\/cinam\/wp-content\/uploads\/2025\/02\/NanoMed_image-1024x576.jpg 1024w, https:\/\/www.cinam.univ-mrs.fr\/cinam\/wp-content\/uploads\/2025\/02\/NanoMed_image-768x432.jpg 768w, https:\/\/www.cinam.univ-mrs.fr\/cinam\/wp-content\/uploads\/2025\/02\/NanoMed_image.jpg 1280w\" sizes=\"(max-width: 300px) 100vw, 300px\" \/><\/p>\n<p><strong>Th\u00e9matiques d\u00e9gag\u00e9es lors de cette r\u00e9union:<\/strong><\/p>\n<p>&#8211; imagerie<\/p>\n<p>&#8211; th\u00e9ranostique<\/p>\n<p>&#8211; microfluidique<\/p>\n<p>&#8211; organo\u00efdes<\/p>\n<p>&#8211; canc\u00e9rologie<\/p>\n","protected":false},"excerpt":{"rendered":"<p>Coordinatrice : Palma Rocchi Le groupe de travail \u00ab\u00a0Nanom\u00e9decine\u00a0\u00bb a pour ambition de coordonner des activit\u00e9s scientifiques au CINaM autour de la nanom\u00e9decine et, de mani\u00e8re plus g\u00e9n\u00e9rale, des liens entre les activit\u00e9s de physico-chimie et science des mat\u00e9riaux avec la m\u00e9decine. Premi\u00e8re r\u00e9union :\u00a0 18 d\u00e9cembre 2024 en salle Raymond Kern programme_nanom\u00e9decine Th\u00e9matiques d\u00e9gag\u00e9es <\/p>\n","protected":false},"author":3,"featured_media":0,"parent":0,"menu_order":0,"comment_status":"closed","ping_status":"closed","template":"","meta":[],"aioseo_notices":[],"_links":{"self":[{"href":"https:\/\/www.cinam.univ-mrs.fr\/cinam\/wp-json\/wp\/v2\/pages\/13007"}],"collection":[{"href":"https:\/\/www.cinam.univ-mrs.fr\/cinam\/wp-json\/wp\/v2\/pages"}],"about":[{"href":"https:\/\/www.cinam.univ-mrs.fr\/cinam\/wp-json\/wp\/v2\/types\/page"}],"author":[{"embeddable":true,"href":"https:\/\/www.cinam.univ-mrs.fr\/cinam\/wp-json\/wp\/v2\/users\/3"}],"replies":[{"embeddable":true,"href":"https:\/\/www.cinam.univ-mrs.fr\/cinam\/wp-json\/wp\/v2\/comments?post=13007"}],"version-history":[{"count":11,"href":"https:\/\/www.cinam.univ-mrs.fr\/cinam\/wp-json\/wp\/v2\/pages\/13007\/revisions"}],"predecessor-version":[{"id":13827,"href":"https:\/\/www.cinam.univ-mrs.fr\/cinam\/wp-json\/wp\/v2\/pages\/13007\/revisions\/13827"}],"wp:attachment":[{"href":"https:\/\/www.cinam.univ-mrs.fr\/cinam\/wp-json\/wp\/v2\/media?parent=13007"}],"curies":[{"name":"wp","href":"https:\/\/api.w.org\/{rel}","templated":true}]}}