{"id":133,"date":"2018-12-12T16:04:58","date_gmt":"2018-12-12T15:04:58","guid":{"rendered":"http:\/\/www.cinam.univ-mrs.fr\/cinam\/?page_id=133"},"modified":"2022-10-25T09:44:36","modified_gmt":"2022-10-25T07:44:36","slug":"polycops-ouvrages","status":"publish","type":"page","link":"https:\/\/www.cinam.univ-mrs.fr\/cinam\/enseignement\/polycops-ouvrages\/","title":{"rendered":"Ouvrages"},"content":{"rendered":"<div id=\"pl-133\"  class=\"panel-layout\" ><div id=\"pg-133-0\"  class=\"panel-grid panel-has-style\" ><div class=\"panel-row-style panel-row-style-for-133-0\" ><div id=\"pgc-133-0-0\"  class=\"panel-grid-cell\" ><div id=\"panel-133-0-0-0\" class=\"so-panel widget widget_sow-image panel-first-child panel-last-child\" data-index=\"0\" ><div\n\t\t\t\n\t\t\tclass=\"so-widget-sow-image so-widget-sow-image-default-8b5b6f678277-133\"\n\t\t\t\n\t\t>\n\n<div class=\"sow-image-container\">\n\t\t<img src=\"https:\/\/www.cinam.univ-mrs.fr\/cinam\/wp-content\/uploads\/2019\/01\/parution-dun-ouvrage-denseignement-en-nanosciences-et-nanomateriaux.jpg\" width=\"400\" height=\"505\" srcset=\"https:\/\/www.cinam.univ-mrs.fr\/cinam\/wp-content\/uploads\/2019\/01\/parution-dun-ouvrage-denseignement-en-nanosciences-et-nanomateriaux.jpg 400w, https:\/\/www.cinam.univ-mrs.fr\/cinam\/wp-content\/uploads\/2019\/01\/parution-dun-ouvrage-denseignement-en-nanosciences-et-nanomateriaux-238x300.jpg 238w\" sizes=\"(max-width: 400px) 100vw, 400px\" title=\"Parution d\u2019un ouvrage d\u2019enseignement en Nanosciences et Nanomat\u00e9riaux\" alt=\"Parution d\u2019un ouvrage d\u2019enseignement en Nanosciences et Nanomat\u00e9riaux\" loading=\"lazy\" \t\tclass=\"so-widget-image\"\/>\n\t<\/div>\n\n<\/div><\/div><\/div><div id=\"pgc-133-0-1\"  class=\"panel-grid-cell\" ><div id=\"panel-133-0-1-0\" class=\"so-panel widget widget_sow-editor panel-first-child panel-last-child\" data-index=\"1\" ><div\n\t\t\t\n\t\t\tclass=\"so-widget-sow-editor so-widget-sow-editor-base\"\n\t\t\t\n\t\t>\n<div class=\"siteorigin-widget-tinymce textwidget\">\n\t<div class=\"groupetitre\">\n<h2>Nanosciences et nanomat\u00e9riaux\u00a0: rappels de cours et apprentissage par exercices corrig\u00e9s<\/h2>\n<\/div>\n<dl class=\"spip_document_34 spip_documents spip_documents_left\"><\/dl>\n<h5>Ouvrage d\u2019enseignement en Nanosciences et Nanomat\u00e9riaux<\/h5>\n<p class=\"spip\">Le but de cet ouvrage est de permettre au lecteur de d\u00e9couvrir par lui-m\u00eame ce que sont les nanosciences et nanomat\u00e9riaux \u00e0 l\u2019aide d\u2019exercices choisis accompagn\u00e9s de corrig\u00e9s d\u00e9taill\u00e9s et de rappels de cours succincts mettant en exergue les dimensions critiques en dessous desquelles les propri\u00e9t\u00e9s des nano-objets diff\u00e8rent des propri\u00e9t\u00e9s des mat\u00e9riaux macroscopiques. Sont ainsi abord\u00e9s des exercices li\u00e9s aux surfaces (description, nano-structuration), puis des exercices li\u00e9s \u00e0 l\u2019existence m\u00eame des nano-objets (structure, morphologie, stabilit\u00e9) avant de passer en revue via des exemples choisis les propri\u00e9t\u00e9s des nano-objets (optiques, \u00e9lectroniques, de transport, magn\u00e9tiques, chimiques, thermodynamiques, m\u00e9caniques, biologiques). Les nanotechnologies sont \u00e9galement abord\u00e9es.<\/p>\n<h5 class=\"spip\">Con\u00e7u comme un ouvrage d\u2019initiation, cet ouvrage s\u2019adresse en priorit\u00e9 aux \u00e9tudiants de L3, de master, aux \u00e9l\u00e8ves des \u00e9coles d\u2019ing\u00e9nieurs et candidats au concours d\u2019agr\u00e9gation de sciences physiques.<\/h5>\n<\/div>\n<\/div><\/div><\/div><\/div><\/div><div id=\"pg-133-1\"  class=\"panel-grid panel-has-style\" ><div class=\"panel-row-style panel-row-style-for-133-1\" ><div id=\"pgc-133-1-0\"  class=\"panel-grid-cell\" ><div id=\"panel-133-1-0-0\" class=\"so-panel widget widget_sow-editor panel-first-child panel-last-child\" data-index=\"2\" ><div\n\t\t\t\n\t\t\tclass=\"so-widget-sow-editor so-widget-sow-editor-base\"\n\t\t\t\n\t\t>\n<div class=\"siteorigin-widget-tinymce textwidget\">\n\t<div class=\"groupetitre\">\n<h2>Les Surfaces solides\u00a0: concepts et m\u00e9thodes<\/h2>\n<\/div>\n<dl class=\"spip_document_34 spip_documents spip_documents_left\"><\/dl>\n<h5 class=\"spip\">La physique des surfaces est une science \u00e0 la fois ancienne et r\u00e9cente.<\/h5>\n<p class=\"spip\">Ancienne parce que les premiers concepts ayant permis d\u2019\u00e9tudier les surfaces datent du d\u00e9but du XXe si\u00e8cle. R\u00e9cente parce que l\u2019\u00e9tude approfondie et syst\u00e9matique des surfaces n\u2019a d\u00e9marr\u00e9 qu\u2019\u00e0 partir des ann\u00e9es 1960, pour finalement conna\u00eetre un essor extr\u00eamement important aujourd\u2019hui, en plein r\u00e8gne des nanosciences. Cet ouvrage offre une large vision de la physique des surfaces solides, depuis les concepts thermodynamiques de base, jusqu\u2019\u00e0 la surface consid\u00e9r\u00e9e comme lieu d\u2019\u00e9change entre un cristal et son environnement.<\/p>\n<p class=\"spip\">Une large part de l\u2019ouvrage est consacr\u00e9e \u00e0 l\u2019\u00e9tude des propri\u00e9t\u00e9s sp\u00e9cifiques de surface ainsi qu\u2019aux m\u00e9thodes exp\u00e9rimentales d\u2019\u00e9tude des surfaces depuis les techniques de laboratoire les plus r\u00e9pandues jusqu\u2019\u00e0 celles utilisant le rayonnement synchrotron. Une attention particuli\u00e8re est port\u00e9e aux probl\u00e8mes d\u2019\u00e9pitaxie. Les approximations et mod\u00e8les utilis\u00e9s permettent une approche analytique claire aidant le lecteur \u00e0 se faire une id\u00e9e physique malgr\u00e9 la complexit\u00e9 de certains probl\u00e8mes \u00e9tudi\u00e9s. Des exercices de difficult\u00e9s variables compl\u00e8tent le cours.<\/p>\n<h5 class=\"spip\">Ce livre est destin\u00e9 aux \u00e9tudiants de Ma\u00eetrise, de 3e cycle de physique ou de chimie de la mati\u00e8re condens\u00e9e, et aux ing\u00e9nieurs.<\/h5>\n<ul>\n<li>La correction des exercices est maintenant disponible en\u00a0<a class=\"spip_out\" href=\"http:\/\/www.cinam.univ-mrs.fr\/muller\/pdf\/corriges-total.pdf\" target=\"_blank\" rel=\"noopener\">ligne.<\/a><\/li>\n<\/ul>\n<\/div>\n<\/div><\/div><\/div><div id=\"pgc-133-1-1\"  class=\"panel-grid-cell\" ><div id=\"panel-133-1-1-0\" class=\"so-panel widget widget_sow-image panel-first-child panel-last-child\" data-index=\"3\" ><div\n\t\t\t\n\t\t\tclass=\"so-widget-sow-image so-widget-sow-image-default-8b5b6f678277-133\"\n\t\t\t\n\t\t>\n\n<div class=\"sow-image-container\">\n\t\t<img src=\"https:\/\/www.cinam.univ-mrs.fr\/cinam\/wp-content\/uploads\/2019\/01\/polycops-ouvrages.jpg\" width=\"783\" height=\"1089\" srcset=\"https:\/\/www.cinam.univ-mrs.fr\/cinam\/wp-content\/uploads\/2019\/01\/polycops-ouvrages.jpg 783w, https:\/\/www.cinam.univ-mrs.fr\/cinam\/wp-content\/uploads\/2019\/01\/polycops-ouvrages-216x300.jpg 216w, https:\/\/www.cinam.univ-mrs.fr\/cinam\/wp-content\/uploads\/2019\/01\/polycops-ouvrages-768x1068.jpg 768w, https:\/\/www.cinam.univ-mrs.fr\/cinam\/wp-content\/uploads\/2019\/01\/polycops-ouvrages-736x1024.jpg 736w\" sizes=\"(max-width: 706px) 89vw, (max-width: 767px) 82vw, 740px\" title=\"Polycops \/ Ouvrages\" alt=\"Polycops \/ Ouvrages\" loading=\"lazy\" \t\tclass=\"so-widget-image\"\/>\n\t<\/div>\n\n<\/div><\/div><\/div><\/div><\/div><div id=\"pg-133-2\"  class=\"panel-grid panel-no-style\" ><div id=\"pgc-133-2-0\"  class=\"panel-grid-cell\" ><div id=\"panel-133-2-0-0\" class=\"so-panel widget widget_sow-image panel-first-child panel-last-child\" data-index=\"4\" ><div\n\t\t\t\n\t\t\tclass=\"so-widget-sow-image so-widget-sow-image-default-8b5b6f678277-133\"\n\t\t\t\n\t\t>\n\n<div class=\"sow-image-container\">\n\t\t<img src=\"https:\/\/www.cinam.univ-mrs.fr\/cinam\/wp-content\/uploads\/2022\/10\/annie.jpg\" width=\"350\" height=\"501\" srcset=\"https:\/\/www.cinam.univ-mrs.fr\/cinam\/wp-content\/uploads\/2022\/10\/annie.jpg 350w, https:\/\/www.cinam.univ-mrs.fr\/cinam\/wp-content\/uploads\/2022\/10\/annie-210x300.jpg 210w\" sizes=\"(max-width: 350px) 100vw, 350px\" alt=\"\" loading=\"lazy\" \t\tclass=\"so-widget-image\"\/>\n\t<\/div>\n\n<\/div><\/div><\/div><div id=\"pgc-133-2-1\"  class=\"panel-grid-cell\" ><div id=\"panel-133-2-1-0\" class=\"so-panel widget widget_sow-editor panel-first-child panel-last-child\" data-index=\"5\" ><div\n\t\t\t\n\t\t\tclass=\"so-widget-sow-editor so-widget-sow-editor-base\"\n\t\t\t\n\t\t>\n<div class=\"siteorigin-widget-tinymce textwidget\">\n\t<p>La microcirculation sanguine est essentielle \u00e0 notre organisme pour assurer l'approvisionnement en nutriments, l'\u00e9limination des d\u00e9chets, l'apport d'oxyg\u00e8ne, l'hom\u00e9ostasie, le contr\u00f4le de la temp\u00e9rature, la cicatrisation des plaies et la surveillance immunitaire active. Ce livre fournit une introduction physique au sujet et explore comment les chercheurs peuvent d\u00e9crire, comprendre et pr\u00e9voir avec succ\u00e8s les comportements du flux sanguin et des cellules sanguines qui sont directement li\u00e9s \u00e0 ces importantes fonctions physiologiques. \u00c0 l'aide d'exemples pratiques, ce livre explique comment les concepts cl\u00e9s de la physique sont li\u00e9s \u00e0 la microcirculation sanguine et sous-tendent le comportement dynamique des globules rouges, des leucocytes et des plaquettes.<\/p>\n<h5>\nCe livre interdisciplinaire sera une r\u00e9f\u00e9rence pr\u00e9cieuse pour les chercheurs et les \u00e9tudiants dipl\u00f4m\u00e9s en biom\u00e9canique, en m\u00e9canique des fluides, en g\u00e9nie biom\u00e9dical, en physique biologique et en m\u00e9decine.<\/h5>\n<\/div>\n<\/div><\/div><\/div><\/div><\/div>","protected":false},"excerpt":{"rendered":"<p>Nanosciences et nanomat\u00e9riaux\u00a0: rappels de cours et apprentissage par exercices corrig\u00e9s Ouvrage d\u2019enseignement en Nanosciences et Nanomat\u00e9riaux Le but de cet ouvrage est de permettre au lecteur de d\u00e9couvrir par lui-m\u00eame ce que sont les nanosciences et nanomat\u00e9riaux \u00e0 l\u2019aide d\u2019exercices choisis accompagn\u00e9s de corrig\u00e9s d\u00e9taill\u00e9s et de rappels de cours succincts mettant en exergue <\/p>\n","protected":false},"author":1,"featured_media":0,"parent":126,"menu_order":3,"comment_status":"closed","ping_status":"closed","template":"page-templates\/full-page.php","meta":[],"aioseo_notices":[],"_links":{"self":[{"href":"https:\/\/www.cinam.univ-mrs.fr\/cinam\/wp-json\/wp\/v2\/pages\/133"}],"collection":[{"href":"https:\/\/www.cinam.univ-mrs.fr\/cinam\/wp-json\/wp\/v2\/pages"}],"about":[{"href":"https:\/\/www.cinam.univ-mrs.fr\/cinam\/wp-json\/wp\/v2\/types\/page"}],"author":[{"embeddable":true,"href":"https:\/\/www.cinam.univ-mrs.fr\/cinam\/wp-json\/wp\/v2\/users\/1"}],"replies":[{"embeddable":true,"href":"https:\/\/www.cinam.univ-mrs.fr\/cinam\/wp-json\/wp\/v2\/comments?post=133"}],"version-history":[{"count":21,"href":"https:\/\/www.cinam.univ-mrs.fr\/cinam\/wp-json\/wp\/v2\/pages\/133\/revisions"}],"predecessor-version":[{"id":10824,"href":"https:\/\/www.cinam.univ-mrs.fr\/cinam\/wp-json\/wp\/v2\/pages\/133\/revisions\/10824"}],"up":[{"embeddable":true,"href":"https:\/\/www.cinam.univ-mrs.fr\/cinam\/wp-json\/wp\/v2\/pages\/126"}],"wp:attachment":[{"href":"https:\/\/www.cinam.univ-mrs.fr\/cinam\/wp-json\/wp\/v2\/media?parent=133"}],"curies":[{"name":"wp","href":"https:\/\/api.w.org\/{rel}","templated":true}]}}