{"id":9039,"date":"2021-07-15T11:12:54","date_gmt":"2021-07-15T09:12:54","guid":{"rendered":"http:\/\/www.cinam.univ-mrs.fr\/cinam\/?page_id=9039"},"modified":"2022-11-23T16:46:31","modified_gmt":"2022-11-23T15:46:31","slug":"nucleation-localisee","status":"publish","type":"page","link":"https:\/\/www.cinam.univ-mrs.fr\/cinam\/nucleation-localisee\/","title":{"rendered":"Nucl\u00e9ation Localis\u00e9e"},"content":{"rendered":"<div id=\"pl-9039\"  class=\"panel-layout\" ><div id=\"pg-9039-0\"  class=\"panel-grid panel-no-style\" ><div id=\"pgc-9039-0-0\"  class=\"panel-grid-cell\" ><div id=\"panel-9039-0-0-0\" class=\"so-panel widget widget_sow-editor panel-first-child panel-last-child\" data-index=\"0\" ><div\n\t\t\t\n\t\t\tclass=\"so-widget-sow-editor so-widget-sow-editor-base\"\n\t\t\t\n\t\t>\n<div class=\"siteorigin-widget-tinymce textwidget\">\n\t<p>La nucl\u00e9ation, c\u2019est l\u2019\u00e9mergence locale de germes (quelques dizaines de nanom\u00e8tres) d\u2019une nouvelle phase au sein d\u2019une phase m\u00e8re. Un cristal ou une bulle au sein d\u2019une solution pour les cas qui nous int\u00e9ressent. Si la nucl\u00e9ation est donc bien locale, elle n\u2019est pour autant pas localis\u00e9e\u00a0: sa nature stochastique emp\u00eache de pr\u00e9dire o\u00f9 et quand regarder pour observer l\u2019apparition et l\u2019\u00e9volution d\u2019une population (dont le nombre n\u2019est pas plus d\u00e9terminable) de germes.\u00a0 Nos approches visent \u00e0 limiter les degr\u00e9s de libert\u00e9 de cet aspect stochastique pour en permettre l\u2019\u00e9tude, en utilisant par exemple le confinement pour limiter le nombre de germes critiques possibles et am\u00e9liorer leur d\u00e9tection tout en gardant une approche statistique, ou la sensibilit\u00e9 de la nucl\u00e9ation aux \u00ab\u00a0inhomog\u00e9n\u00e9it\u00e9s\u00a0\u00bb pour d\u00e9clencher la nucl\u00e9ation (donc contr\u00f4ler sa localisation spatiale et temporelle) via l\u2019utilisation de champs \u00e9lectriques intenses\u00a0 ou de contraintes m\u00e9caniques localis\u00e9es.<\/p>\n<ul>\n<li><a href=\"http:\/\/www.cinam.univ-mrs.fr\/cinam\/ssp-pls-nucl\/\">Nucl\u00e9ation en Milieux Confin\u00e9s<\/a><\/li>\n<li><a href=\"http:\/\/www.cinam.univ-mrs.fr\/cinam\/nanoelectrolyse-de-leau\/\">De la nano\u00e9lectrolyse de l\u2019eau \u00e0 la nucl\u00e9ation contr\u00f4l\u00e9e de bulles et de cristaux <\/a><\/li>\n<li><a href=\"http:\/\/www.cinam.univ-mrs.fr\/cinam\/?page_id=9135\">Sonder les Interfaces Liquide\/Liquide<\/a><\/li>\n<\/ul>\n<\/div>\n<\/div><\/div><\/div><div id=\"pgc-9039-0-1\"  class=\"panel-grid-cell\" ><div id=\"panel-9039-0-1-0\" class=\"so-panel widget widget_sow-editor panel-first-child panel-last-child\" data-index=\"1\" ><div\n\t\t\t\n\t\t\tclass=\"so-widget-sow-editor so-widget-sow-editor-base\"\n\t\t\t\n\t\t>\n<div class=\"siteorigin-widget-tinymce textwidget\">\n\t<figure id=\"attachment_11473\" aria-describedby=\"caption-attachment-11473\" style=\"width: 228px\" class=\"wp-caption alignnone\"><img decoding=\"async\" loading=\"lazy\" class=\"size-full wp-image-11473\" src=\"http:\/\/www.cinam.univ-mrs.fr\/cinam\/wp-content\/uploads\/2022\/11\/pointe_KCl.jpg\" alt=\"\" width=\"228\" height=\"151\" \/><figcaption id=\"caption-attachment-11473\" class=\"wp-caption-text\">D\u00e9clenchement de la nucl\u00e9ation d\u2019un cristal par contact d\u2019une pointe tungst\u00e8ne (rayon de courbure de 10nm) avec l\u2019interface goutte\/huile<\/figcaption><\/figure>\n<figure id=\"attachment_9394\" aria-describedby=\"caption-attachment-9394\" style=\"width: 531px\" class=\"wp-caption alignnone\"><img decoding=\"async\" loading=\"lazy\" class=\"size-full wp-image-9394\" src=\"http:\/\/www.cinam.univ-mrs.fr\/cinam\/wp-content\/uploads\/2021\/09\/capilaire-01_Hubert.jpg\" alt=\"\" width=\"531\" height=\"417\" \/><figcaption id=\"caption-attachment-9394\" class=\"wp-caption-text\">Sonde AFM \u00e0 fibre de verre (diam\u00e8tre de 5 microns) pour sonder les interfaces liquide\/liquide, construite \u00e0 partir d'un diapason en quartz de montre.<\/figcaption><\/figure>\n<\/div>\n<\/div><\/div><\/div><\/div><\/div>","protected":false},"excerpt":{"rendered":"<p>La nucl\u00e9ation, c\u2019est l\u2019\u00e9mergence locale de germes (quelques dizaines de nanom\u00e8tres) d\u2019une nouvelle phase au sein d\u2019une phase m\u00e8re. Un cristal ou une bulle au sein d\u2019une solution pour les cas qui nous int\u00e9ressent. Si la nucl\u00e9ation est donc bien locale, elle n\u2019est pour autant pas localis\u00e9e\u00a0: sa nature stochastique emp\u00eache de pr\u00e9dire o\u00f9 et <\/p>\n","protected":false},"author":5,"featured_media":0,"parent":0,"menu_order":0,"comment_status":"closed","ping_status":"closed","template":"","meta":[],"aioseo_notices":[],"_links":{"self":[{"href":"https:\/\/www.cinam.univ-mrs.fr\/cinam\/wp-json\/wp\/v2\/pages\/9039"}],"collection":[{"href":"https:\/\/www.cinam.univ-mrs.fr\/cinam\/wp-json\/wp\/v2\/pages"}],"about":[{"href":"https:\/\/www.cinam.univ-mrs.fr\/cinam\/wp-json\/wp\/v2\/types\/page"}],"author":[{"embeddable":true,"href":"https:\/\/www.cinam.univ-mrs.fr\/cinam\/wp-json\/wp\/v2\/users\/5"}],"replies":[{"embeddable":true,"href":"https:\/\/www.cinam.univ-mrs.fr\/cinam\/wp-json\/wp\/v2\/comments?post=9039"}],"version-history":[{"count":14,"href":"https:\/\/www.cinam.univ-mrs.fr\/cinam\/wp-json\/wp\/v2\/pages\/9039\/revisions"}],"predecessor-version":[{"id":11475,"href":"https:\/\/www.cinam.univ-mrs.fr\/cinam\/wp-json\/wp\/v2\/pages\/9039\/revisions\/11475"}],"wp:attachment":[{"href":"https:\/\/www.cinam.univ-mrs.fr\/cinam\/wp-json\/wp\/v2\/media?parent=9039"}],"curies":[{"name":"wp","href":"https:\/\/api.w.org\/{rel}","templated":true}]}}