{"id":9104,"date":"2021-07-22T17:00:37","date_gmt":"2021-07-22T15:00:37","guid":{"rendered":"http:\/\/www.cinam.univ-mrs.fr\/cinam\/?page_id=9104"},"modified":"2022-04-04T16:53:03","modified_gmt":"2022-04-04T14:53:03","slug":"projet-dispositif-doptique-electronique-plat-et-poreux","status":"publish","type":"page","link":"https:\/\/www.cinam.univ-mrs.fr\/cinam\/projet-dispositif-doptique-electronique-plat-et-poreux\/","title":{"rendered":"Projet: Dispositif d&rsquo;Optique \u00c9lectronique Plat et Poreux"},"content":{"rendered":"<div id=\"pl-9104\"  class=\"panel-layout\" ><div id=\"pg-9104-0\"  class=\"panel-grid panel-no-style\" ><div id=\"pgc-9104-0-0\"  class=\"panel-grid-cell\" ><div id=\"panel-9104-0-0-0\" class=\"so-panel widget widget_sow-editor panel-first-child panel-last-child\" data-index=\"0\" ><div\n\t\t\t\n\t\t\tclass=\"so-widget-sow-editor so-widget-sow-editor-base\"\n\t\t\t\n\t\t>\n<div class=\"siteorigin-widget-tinymce textwidget\">\n\t<p><a href=\"mailto:alain.degiovanni@univ-amu.fr\">Contact: A. Degiovanni<\/a><\/p>\n<p>La fabrication d\u2019un tel dispositif repose sur la capacit\u00e9 de contr\u00f4ler localement la phase d\u2019une onde transmise au travers du dispositif. En optique photonique, ce contr\u00f4le r\u00e9sulte de la r\u00e9alisation d\u2019\u00e9paisseurs contr\u00f4l\u00e9es d\u2019un mat\u00e9riau transparent (par exemple le verre) d\u2019indice optique diff\u00e9rent du milieu dans lequel l\u2019onde se propage (par exemple l\u2019air). Un tel contr\u00f4le est \u00e0 ce jour irr\u00e9alisable en optique \u00e9lectronique ou photonique UV et X. Dans le cas de dispositifs \u00e9lectro-optiques les changements de phase sont induits par la transmission d\u2019une onde \u00e9lectronique au travers de potentiels \u00e9lectromagn\u00e9tiques produits par des \u00e9lectrodes ou des bobines. La structure de ces potentiels induit de fortes contraintes sur la r\u00e9alisation des dispositifs en particulier celle de travailler tr\u00e8s proche de l\u2019axe optique sous peine de d\u00e9gradation significative des performances du dispositif.<\/p>\n<p>Nous avons montr\u00e9 qu\u2019il est possible de changer la phase d\u2019une onde \u00e9lectronique lors de sa transmission par un film poreux ultra-fin.\u00a0Cette approche pr\u00e9sente une similitude avec l\u2019optique photonique o\u00f9 l\u2019on exploite une propri\u00e9t\u00e9 d\u2019un mat\u00e9riau.\u00a0 Il est alors possible de fabriquer des dispositifs ou fonctions \u00e9lectro-optiques qui reposent sur le changement de phase d\u2019une onde \u00e9lectronique traversant un film ultra-fin dont la porosit\u00e9 locale est contr\u00f4l\u00e9e. Ce film est autosupport\u00e9, d\u2019\u00e9paisseur uniforme et suffisamment fin pour le rendre partiellement transparent aux \u00e9lectrons. Il est form\u00e9 de pores de dimensions nanom\u00e9triques dont la densit\u00e9 d\u00e9finit la porosit\u00e9 locale du film. La phase de l\u2019onde \u00e9lectronique transmise au travers du film est d\u00e9termin\u00e9e par cette porosit\u00e9 locale. Ce concept innovant pourrait \u00eatre d\u00e9velopper dans le domaine des photons X et UV.<br \/>\n<a href=\"https:\/\/hal.archives-ouvertes.fr\/hal-01784334\">Nanoporous metal film: An energy-dependent transmission device for electron waves\u00bb S. Grech, A. Degiovanni, L. Lapena, and R. Morin, Journal of Applied Physics 109, 014316 (2011)<\/a><\/p>\n<figure id=\"attachment_9132\" aria-describedby=\"caption-attachment-9132\" style=\"width: 899px\" class=\"wp-caption alignnone\"><img decoding=\"async\" loading=\"lazy\" class=\"wp-image-9132 size-full\" src=\"http:\/\/www.cinam.univ-mrs.fr\/cinam\/wp-content\/uploads\/2021\/07\/Image_EPFL.jpg\" alt=\"\" width=\"899\" height=\"250\" srcset=\"https:\/\/www.cinam.univ-mrs.fr\/cinam\/wp-content\/uploads\/2021\/07\/Image_EPFL.jpg 899w, https:\/\/www.cinam.univ-mrs.fr\/cinam\/wp-content\/uploads\/2021\/07\/Image_EPFL-300x83.jpg 300w, https:\/\/www.cinam.univ-mrs.fr\/cinam\/wp-content\/uploads\/2021\/07\/Image_EPFL-768x214.jpg 768w\" sizes=\"(max-width: 706px) 89vw, (max-width: 767px) 82vw, 740px\" \/><figcaption id=\"caption-attachment-9132\" class=\"wp-caption-text\">Usinage par FIB (faisceau d\u2019ions focalis\u00e9) d\u2019un motif de porosit\u00e9 sur une membrane de graphene auto support\u00e9e de 2 \u00b5m de diam\u00e8tre. Application : lentille \u00e9lectronique<\/figcaption><\/figure>\n<\/div>\n<\/div><\/div><\/div><\/div><\/div>","protected":false},"excerpt":{"rendered":"<p>Contact: A. Degiovanni La fabrication d\u2019un tel dispositif repose sur la capacit\u00e9 de contr\u00f4ler localement la phase d\u2019une onde transmise au travers du dispositif. En optique photonique, ce contr\u00f4le r\u00e9sulte de la r\u00e9alisation d\u2019\u00e9paisseurs contr\u00f4l\u00e9es d\u2019un mat\u00e9riau transparent (par exemple le verre) d\u2019indice optique diff\u00e9rent du milieu dans lequel l\u2019onde se propage (par exemple l\u2019air). <\/p>\n","protected":false},"author":5,"featured_media":0,"parent":0,"menu_order":0,"comment_status":"closed","ping_status":"closed","template":"","meta":[],"aioseo_notices":[],"_links":{"self":[{"href":"https:\/\/www.cinam.univ-mrs.fr\/cinam\/wp-json\/wp\/v2\/pages\/9104"}],"collection":[{"href":"https:\/\/www.cinam.univ-mrs.fr\/cinam\/wp-json\/wp\/v2\/pages"}],"about":[{"href":"https:\/\/www.cinam.univ-mrs.fr\/cinam\/wp-json\/wp\/v2\/types\/page"}],"author":[{"embeddable":true,"href":"https:\/\/www.cinam.univ-mrs.fr\/cinam\/wp-json\/wp\/v2\/users\/5"}],"replies":[{"embeddable":true,"href":"https:\/\/www.cinam.univ-mrs.fr\/cinam\/wp-json\/wp\/v2\/comments?post=9104"}],"version-history":[{"count":6,"href":"https:\/\/www.cinam.univ-mrs.fr\/cinam\/wp-json\/wp\/v2\/pages\/9104\/revisions"}],"predecessor-version":[{"id":10193,"href":"https:\/\/www.cinam.univ-mrs.fr\/cinam\/wp-json\/wp\/v2\/pages\/9104\/revisions\/10193"}],"wp:attachment":[{"href":"https:\/\/www.cinam.univ-mrs.fr\/cinam\/wp-json\/wp\/v2\/media?parent=9104"}],"curies":[{"name":"wp","href":"https:\/\/api.w.org\/{rel}","templated":true}]}}