{"id":9148,"date":"2021-07-22T17:00:37","date_gmt":"2021-07-22T15:00:37","guid":{"rendered":"http:\/\/www.cinam.univ-mrs.fr\/cinam\/?page_id=9148"},"modified":"2022-03-15T17:31:51","modified_gmt":"2022-03-15T16:31:51","slug":"projet-micro-ondes","status":"publish","type":"page","link":"https:\/\/www.cinam.univ-mrs.fr\/cinam\/projet-micro-ondes\/","title":{"rendered":"Projet: Micro-ondes"},"content":{"rendered":"<div id=\"pl-9148\"  class=\"panel-layout\" ><div id=\"pg-9148-0\"  class=\"panel-grid panel-no-style\" ><div id=\"pgc-9148-0-0\"  class=\"panel-grid-cell\" ><div id=\"panel-9148-0-0-0\" class=\"so-panel widget widget_sow-editor panel-first-child panel-last-child\" data-index=\"0\" ><div\n\t\t\t\n\t\t\tclass=\"so-widget-sow-editor so-widget-sow-editor-base\"\n\t\t\t\n\t\t>\n<div class=\"siteorigin-widget-tinymce textwidget\">\n\t<p><a href=\"mailto:victoria.leoni@univ-amu.fr\">Contact: V. Tishkova<\/a><\/p>\n<p>Ce projet vise l\u2019utilisation des micro-ondes pour sonder des tissus et des bio-fluides\u00a0:<\/p>\n<p>Les sympt\u00f4mes d\u2019hypo et d\u2019hyperglyc\u00e9mie chez les personnes diab\u00e9tiques, sont actuellement g\u00e9r\u00e9s avec des dispositifs m\u00e9dicaux invasifs ou au moins semi-invasifs. Ces solutions sont contraignantes, douloureuses et des risques infectieux importants. A l\u2019heure actuelle, il n\u2019existe pas sur le march\u00e9 des dispositifs m\u00e9dicaux de solutions purement non-invasives.<\/p>\n<p>Notre but est de proposer un capteur de glyc\u00e9mie non-invasif bas\u00e9 sur le sondage micro-onde. Pour cela, nous utilisons un r\u00e9seau d\u2019antennes positionn\u00e9es comme dans un tomographe. Le concept de ce capteur est bas\u00e9 sur la d\u00e9pendance des grandeurs di\u00e9lectriques des tissus et des bio-fluides (figure). (<a href=\"https:\/\/hal.archives-ouvertes.fr\/hal-03299776\"><em>Progress In Electromagnetics Research M<\/em> 102:193-206 (2021)<\/a>)<\/p>\n<figure id=\"attachment_10028\" aria-describedby=\"caption-attachment-10028\" style=\"width: 525px\" class=\"wp-caption alignnone\"><img decoding=\"async\" loading=\"lazy\" class=\"wp-image-10028 size-large\" src=\"http:\/\/www.cinam.univ-mrs.fr\/cinam\/wp-content\/uploads\/2022\/03\/glycemie-1024x443.png\" alt=\"\" width=\"525\" height=\"227\" srcset=\"https:\/\/www.cinam.univ-mrs.fr\/cinam\/wp-content\/uploads\/2022\/03\/glycemie-1024x443.png 1024w, https:\/\/www.cinam.univ-mrs.fr\/cinam\/wp-content\/uploads\/2022\/03\/glycemie-300x130.png 300w, https:\/\/www.cinam.univ-mrs.fr\/cinam\/wp-content\/uploads\/2022\/03\/glycemie-768x332.png 768w, https:\/\/www.cinam.univ-mrs.fr\/cinam\/wp-content\/uploads\/2022\/03\/glycemie.png 1449w\" sizes=\"(max-width: 525px) 100vw, 525px\" \/><figcaption id=\"caption-attachment-10028\" class=\"wp-caption-text\">Le concept d\u2019un brassard avec plusieurs antennes (sources et\/ou r\u00e9cepteurs) \u00e0 placer autour du bras, un exemple de mod\u00e9lisation de la propagation d\u2019une \u00e9lectromagn\u00e9tique (micro-onde) dans un fant\u00f4me de bras et la r\u00e9alisation de ce fant\u00f4me \u00e9lectromagn\u00e9tique pour l\u2019exp\u00e9rience.<\/figcaption><\/figure>\n<p><strong><em>Cette \u00e9tude fa<\/em><\/strong><strong><em>it l\u2019objet d\u2019une collaboration avec l\u2019institut Fresnel.<\/em><\/strong><\/p>\n<p><strong>Non permanents impliqu\u00e9s dans le projet\u00a0:<\/strong><\/p>\n<p>2020- 2023 Cl\u00e9ment Buisson, Doctorant en co-tutelle avec L\u2019institut Fresnel<\/p>\n<\/div>\n<\/div><\/div><\/div><\/div><\/div>","protected":false},"excerpt":{"rendered":"<p>Contact: V. Tishkova Ce projet vise l\u2019utilisation des micro-ondes pour sonder des tissus et des bio-fluides\u00a0: Les sympt\u00f4mes d\u2019hypo et d\u2019hyperglyc\u00e9mie chez les personnes diab\u00e9tiques, sont actuellement g\u00e9r\u00e9s avec des dispositifs m\u00e9dicaux invasifs ou au moins semi-invasifs. Ces solutions sont contraignantes, douloureuses et des risques infectieux importants. A l\u2019heure actuelle, il n\u2019existe pas sur le <\/p>\n","protected":false},"author":5,"featured_media":0,"parent":0,"menu_order":0,"comment_status":"closed","ping_status":"closed","template":"","meta":[],"aioseo_notices":[],"_links":{"self":[{"href":"https:\/\/www.cinam.univ-mrs.fr\/cinam\/wp-json\/wp\/v2\/pages\/9148"}],"collection":[{"href":"https:\/\/www.cinam.univ-mrs.fr\/cinam\/wp-json\/wp\/v2\/pages"}],"about":[{"href":"https:\/\/www.cinam.univ-mrs.fr\/cinam\/wp-json\/wp\/v2\/types\/page"}],"author":[{"embeddable":true,"href":"https:\/\/www.cinam.univ-mrs.fr\/cinam\/wp-json\/wp\/v2\/users\/5"}],"replies":[{"embeddable":true,"href":"https:\/\/www.cinam.univ-mrs.fr\/cinam\/wp-json\/wp\/v2\/comments?post=9148"}],"version-history":[{"count":6,"href":"https:\/\/www.cinam.univ-mrs.fr\/cinam\/wp-json\/wp\/v2\/pages\/9148\/revisions"}],"predecessor-version":[{"id":10040,"href":"https:\/\/www.cinam.univ-mrs.fr\/cinam\/wp-json\/wp\/v2\/pages\/9148\/revisions\/10040"}],"wp:attachment":[{"href":"https:\/\/www.cinam.univ-mrs.fr\/cinam\/wp-json\/wp\/v2\/media?parent=9148"}],"curies":[{"name":"wp","href":"https:\/\/api.w.org\/{rel}","templated":true}]}}